remainder when 836618 is divided by 186?
176
What is the remainder when 12225 is divided by 42?
3
What is the remainder when 10927 is divided by 682?
15
Calculate the remainder when 4294 is divided by 717.
709
Calculate the remainder when 2395 is divided by 92.
3
What is the remainder when 693 is divided by 610?
83
Calculate the remainder when 11274 is divided by 51.
3
What is the remainder when 1610218 is divided by 45?
28
Calculate the remainder when 46351 is divided by 48.
31
Calculate the remainder when 917699 is divided by 575.
574
What is the remainder when 16689 is divided by 9?
3
Calculate the remainder when 742 is divided by 92.
6
Calculate the remainder when 14311 is divided by 13952.
359
Calculate the remainder when 39759 is divided by 70.
69
What is the remainder when 908 is divided by 778?
130
What is the remainder when 20317 is divided by 1447?
59
Calculate the remainder when 254 is divided by 43.
39
Calculate the remainder when 3190 is divided by 538.
500
Calculate the remainder when 1092 is divided by 554.
538
Calculate the remainder when 5194 is divided by 110.
24
Calculate the remainder when 5318 is divided by 2412.
494
What is the remainder when 3217 is divided by 3217?
0
What is the remainder when 556737 is divided by 37?
35
What is the remainder when 1594 is divided by 32?
26
What is the remainder when 4419 is divided by 85?
84
Calculate the remainder when 3937 is divided by 1021.
874
What is the remainder when 1779094 is divided by 132?
130
What is the remainder when 5187 is divided by 64?
3
What is the remainder when 236875 is divided by 635?
20
What is the remainder when 22066 is divided by 7355?
1
Calculate the remainder when 4862 is divided by 758.
314
What is the remainder when 14567 is divided by 88?
47
What is the remainder when 76433 is divided by 171?
167
Calculate the remainder when 225386 is divided by 15.
11
What is the remainder when 237716 is divided by 9903?
44
What is the remainder when 27391 is divided by 1245?
1
Calculate the remainder when 6147 is divided by 6125.
22
What is the remainder when 358487 is divided by 468?
467
Calculate the remainder when 18844 is divided by 103.
98
Calculate the remainder when 10127 is divided by 563.
556
What is the remainder when 26130 is divided by 410?
300
Calculate the remainder when 22960 is divided by 86.
84
What is the remainder when 1054 is divided by 136?
102
Calculate the remainder when 8410 is divided by 4179.
52
What is the remainder when 2339 is divided by 1087?
165
Calculate the remainder when 2954 is divided by 211.
0
What is the remainder when 651474 is divided by 371?
369
What is the remainder when 2239 is divided by 50?
39
Calculate the remainder when 6845266 is divided by 636.
634
Calculate the remainder when 1412 is divided by 146.
98
Calculate the remainder when 6142 is divided by 14.
10
Calculate the remainder when 199304 is divided by 38.
32
What is the remainder when 188513 is divided by 11089?
0
Calculate the remainder when 559677 is divided by 359.
355
What is the remainder when 6107 is divided by 1766?
809
Calculate the remainder when 2728634 is divided by 455.
454
What is the remainder when 31489 is divided by 31201?
288
Calculate the remainder when 16755 is divided by 4186.
11
Calculate the remainder when 2728 is divided by 3.
1
What is the remainder when 77701 is divided by 454?
67
Calculate the remainder when 355015 is divided by 59165.
25
What is the remainder when 2813 is divided by 2796?
17
What is the remainder when 3477 is divided by 1693?
91
What is the remainder when 1201 is divided by 97?
37
What is the remainder when 17846 is divided by 364?
10
Calculate the remainder when 5717 is divided by 152.
93
Calculate the remainder when 467 is divided by 75.
17
What is the remainder when 2221 is divided by 509?
185
What is the remainder when 173408 is divided by 12?
8
What is the remainder when 146568 is divided by 1011?
984
What is the remainder when 2729 is divided by 182?
181
What is the remainder when 117773 is divided by 58885?
3
What is the remainder when 6469 is divided by 688?
277
Calculate the remainder when 1858 is divided by 924.
10
What is the remainder when 42671 is divided by 21320?
31
What is the remainder when 684045 is divided by 48?
45
What is the remainder when 154628 is divided by 249?
248
What is the remainder when 31315 is divided by 143?
141
What is the remainder when 1081187 is divided by 564?
563
Calculate the remainder when 414 is divided by 13.
11
Calculate the remainder when 507188 is divided by 1445.
1438
Calculate the remainder when 20899 is divided by 50.
49
What is the remainder when 14423 is divided by 4772?
107
What is the remainder when 275 is divided by 254?
21
What is the remainder when 6199 is divided by 4?
3
Calculate the remainder when 409 is divided by 10.
9
What is the remainder when 80635 is divided by 76?
75
What is the remainder when 2887 is divided by 1190?
507
Calculate the remainder when 1502 is divided by 73.
42
Calculate the remainder when 6677 is divided by 149.
121
What is the remainder when 47036 is divided by 32?
28
Calculate the remainder when 565 is divided by 188.
1
Calculate the remainder when 33912 is divided by 62.
60
Calculate the remainder when 5379 is divided by 488.
11
What is the remainder when 2317 is divided by 31?
23
What is the remainder when 49698 is divided by 440?
418
What is the remainder when 3362 is divided by 239?
16
Calculate the remainder when 618255 is divided by 187.
33
Calculate the remainder when 284288 is divided by 9.
5
What is the remainder when 324710 is divided by 1320?
1310
What is the remainder when 7429 is divided by 2476?
1
What is the remainder when 70082 is divided by 387?
35
Calculate the remainder when 96714 is divided by 590.
544
What is the remainder when 56936 is divided by 18962?
50
What is the remainder when 279133 is divided by 599?
598
What is the remainder when 96430 is divided by 11?
4
Calculate the remainder when 6778 is divided by 110.
68
What is the remainder when 11737 is divided by 13?
11
What is the remainder when 4372 is divided by 5?
2
Calculate the remainder when 723 is divided by 82.
67
What is the remainder when 1366 is divided by 1124?
242
What is the remainder when 8290 is divided by 151?
136
Calculate the remainder when 299581 is divided by 43.
0
What is the remainder when 1595 is divided by 84?
83
Calculate the remainder when 739483 is divided by 226.
11
Calculate the remainder when 2643 is divided by 84.
39
Calculate the remainder when 12614 is divided by 15.
14
What is the remainder when 2675 is divided by 2511?
164
Calculate the remainder when 6283 is divided by 413.
88
What is the remainder when 25236 is divided by 665?
631
What is the remainder when 4858932 is divided by 1219?
1217
What is the remainder when 29666 is divided by 129?
125
What is the remainder when 9798 is divided by 10?
8
What is the remainder when 138613 is divided by 237?
205
What is the remainder when 11512 is divided by 1913?
34
Calculate the remainder when 441078 is divided by 73507.
36
What is the remainder when 23820 is divided by 92?
84
Calculate the remainder when 7904 is divided by 2605.
89
Calculate the remainder when 132840 is divided by 25.
15
What is the remainder when 970 is divided by 283?
121
Calculate the remainder when 45160 is divided by 11258.
128
What is the remainder when 13853 is divided by 1539?
2
What is the remainder when 13927 is divided by 6958?
11
Calculate the remainder when 3345 is divided by 166.
25
What is the remainder when 79251 is divided by 605?
601
What is the remainder when 2712 is divided by 270?
12
Calculate the remainder when 11589 is divided by 258.
237
What is the remainder when 49425 is divided by 9878?
35
What is the remainder when 24214 is divided by 760?
654
Calculate the remainder when 4165 is divided by 134.
11
What is the remainder when 6363 is divided by 913?
885
Calculate the remainder when 7232 is divided by 1414.
162
What is the remainder when 26833 is divided by 3347?
57
Calculate the remainder when 894 is divided by 641.
253
Calculate the remainder when 39196 is divided by 363.
355
What is the remainder when 697556 is divided by 6173?
7
What is the remainder when 9786 is divided by 133?
77
Wh